k) = 6*k**2 + 27*k + 13. Calculate m(-4).
1
Let y(j) = 20*j - 31. Calculate y(8).
129
Let q(c) = -c**2 + 18*c - 36. What is q(17)?
-19
Let c(g) = -g**3 - 18*g**2 - 18*g - 6. Determine c(-17).
11
Let i(v) = 4*v - 13. Determine i(2).
-5
Let h(s) = -s**3 - s**2 - 3*s - 11. What is h(-2)?
-1
Let p(l) = 3*l**2 - 44*l + 15. Calculate p(13).
-50
Let u(t) = -29*t - 1. Determine u(-2).
57
Let r(h) = h**3 - 10*h**2 + h. Calculate r(10).
10
Let d(z) = -z**2 + 23*z - 67. Calculate d(20).
-7
Let m(j) = -2*j**2 + 13*j + 16. Give m(-7).
-173
Let x(h) = 4*h - 43. Determine x(3).
-31
Let c(f) = -f**3 + 6*f**2 + f - 11. What is c(4)?
25
Let r(a) = 2*a - 2. Give r(0).
-2
Let g(n) = -2*n**2 + 10*n + 15. Calculate g(8).
-33
Let l(t) = 2*t**2 - 3*t - 12. Calculate l(-4).
32
Let l(p) = -4*p + 3. Give l(8).
-29
Let w(o) = o**2 + 2*o. Determine w(2).
8
Let z(k) = -k**3 + 11*k**2 - 17*k + 52. Give z(10).
-18
Let k(d) = -2*d**2 - 4*d + 11. Give k(-6).
-37
Let i(d) = d**2 + 3*d - 2. What is i(4)?
26
Let a(f) = -f**3 + 8*f**2 + 13*f - 5. Calculate a(9).
31
Let k(h) = h**2 + 13*h + 39. Determine k(-9).
3
Let s(y) = y + 29. What is s(2)?
31
Let n(w) = -w**2 + 14*w + 1. Give n(14).
1
Let n(h) = -h**3 + 8*h**2 + 11*h - 9. What is n(9)?
9
Let r(k) = -k**2 + 7*k - 3. What is r(5)?
7
Let d(y) = 119*y + 956. What is d(-8)?
4
Let g(f) = 11*f - 26. Determine g(2).
-4
Let w(z) = z**2 - 8*z - 45. What is w(12)?
3
Let u(r) = r**3 - 5*r**2 + 9*r + 8. Determine u(0).
8
Let x(k) = -k**2 - 6*k + 4. What is x(-6)?
4
Let y(h) = -h**3 - 12*h**2 - 19*h - 12. Determine y(-8).
-116
Let l(i) = -6*i - 2. Determine l(-5).
28
Let r(h) = -2*h**2 - 26*h + 23. Give r(-15).
-37
Let a(q) = -q**2 - 5*q. Give a(-10).
-50
Let a(d) = -d**2 + 10*d + 45. Determine a(13).
6
Let g(j) = j - 21. Determine g(10).
-11
Let g(l) = 17*l**3 - 2*l**2 - l - 1. Give g(2).
125
Let d(g) = -g**3 - 8*g**2 - 6*g. Give d(-7).
-7
Let r(h) = h**2 + 4*h - 8. Calculate r(-6).
4
Let h(l) = l**2 - l - 3. Give h(-3).
9
Let n(v) = -v**2 + 9*v - 25. What is n(5)?
-5
Let r(f) = -7*f + 81. Determine r(11).
4
Let n(g) = 11*g**2 - 4*g - 3. What is n(-2)?
49
Let b(s) = s**3 - 18*s**2 - s + 25. Calculate b(18).
7
Let f(t) = 2*t + 26. What is f(-14)?
-2
Let t(w) = 5*w**3 + w**2 - 11*w + 12. Calculate t(1).
7
Let f(z) = -z**3 + 2*z**2 + 7*z - 7. Calculate f(5).
-47
Let o(l) = -2*l**3 - 6*l**2 + 6*l - 4. Give o(-5).
66
Let r(k) = -k**2 - 61*k + 409. Calculate r(-67).
7
Let w(c) = c**3 + 2*c**2 - 3*c - 5. Give w(-5).
-65
Let a(w) = w**3 - 2*w**2 + 2*w + 5. Calculate a(2).
9
Let h(s) = -2*s**2 - 3*s + 12. Calculate h(6).
-78
Let v(s) = -s**3 + s**2 - 3*s - 1. Give v(3).
-28
Let o(g) = -g - 5. What is o(20)?
-25
Let c(z) = -z**3 + 8*z**2 - z - 10. Give c(8).
-18
Let u(v) = 20*v - 2. What is u(1)?
18
Let n(x) = x**3 - 30*x**2 + 78*x + 91. Give n(27).
10
Let y(s) = -s**3 + 2. Give y(2).
-6
Let n(v) = 2*v**2 + v + 16. Calculate n(0).
16
Let q(t) = t**3 - 4*t**2 - 11*t. Give q(6).
6
Let g(l) = 8*l + 153. Calculate g(-19).
1
Let m(x) = -x**3 + 2*x**2 + x. Give m(3).
-6
Let f(s) = -s**2 + 8*s. Determine f(8).
0
Let k(y) = -y**2 - 23*y - 92. Determine k(-18).
-2
Let q(p) = -p**3 - 12*p**2 + 15*p - 9. Give q(-13).
-35
Let x(a) = -a**3 + 7*a**2 - 7*a + 5. Calculate x(6).
-1
Let l(k) = -6*k**2 + 45*k - 15. What is l(7)?
6
Let s(w) = w**2 - 7*w + 7. Determine s(6).
1
Let l(b) = 12*b + 406. What is l(-34)?
-2
Let s(c) = -42*c - 411. What is s(-10)?
9
Let g(u) = -u**3 - 5*u**2 + 15*u + 11. Determine g(-7).
4
Let a(o) = 26*o - 63. Give a(5).
67
Let k(w) = -w + 38. Give k(16).
22
Let m(f) = -2*f + 12. Determine m(-20).
52
Let s(p) = p**3 + 18*p**2 - 17*p + 15. Give s(-19).
-23
Let o(r) = -3*r - 38. Calculate o(9).
-65
Let h(m) = -30*m**2 + 2*m - 2. Determine h(1).
-30
Let b(u) = -u**3 - 42*u**2 - 2*u - 82. Calculate b(-42).
2
Let b(u) = 5*u**2 + 6*u - 6. Determine b(1).
5
Let k(x) = -7*x + 9. What is k(4)?
-19
Let k(y) = -2*y + 6. Determine k(8).
-10
Let n(t) = -2*t - 44. Give n(-23).
2
Let d(y) = 10*y - 226. Determine d(22).
-6
Let q(n) = -n**2 + 9*n + 1. Determine q(9).
1
Let w(k) = 2*k + 2. What is w(-9)?
-16
Let k(o) = o**3 - 3*o - 2. Determine k(-3).
-20
Let s(m) = -m**2 - 26*m - 31. Determine s(-25).
-6
Let f(w) = w**2 - 23*w + 70. What is f(20)?
10
Let q(v) = 2*v + 3. Calculate q(3).
9
Let p(u) = -6*u + 2. Determine p(-8).
50
Let b(l) = 12*l**2 - l - 3. Give b(-1).
10
Let t(k) = -k**3 - 4*k**2 + k + 1. What is t(-4)?
-3
Let y(b) = -2*b**2 + 17*b - 26. Calculate y(9).
-35
Let s(w) = w**2 - 31. Determine s(5).
-6
Let b(o) = o**3 + 5*o**2 + 4*o + 2. Calculate b(-4).
2
Let o(w) = 2*w + 12. Calculate o(-6).
0
Let k(y) = 5*y**2 - y - 2. Give k(-2).
20
Let y(i) = 158*i + 636. Calculate y(-4).
4
Let s(k) = k**2 - 22*k + 170. Give s(12).
50
Let s(z) = -2*z - 2. Give s(3).
-8
Let z(f) = f**3 + 5*f**2 + 3*f - 1. Give z(-4).
3
Let l(p) = -p + 4. Determine l(-7).
11
Let z(c) = c**3 - c + 32. What is z(0)?
32
Let h(v) = 19*v - 45. What is h(2)?
-7
Let n(h) = 16*h - 33. Give n(3).
15
Let i(z) = 6*z - 8. Give i(4).
16
Let b(i) = -i**3 + 6*i**2 - 13*i + 37. Give b(6).
-41
Let x(w) = 3*w**2 - 9*w - 17. Determine x(5).
13
Let o(v) = 2*v - 11. Calculate o(-9).
-29
Let b(x) = x**2 + 18*x + 27. What is b(0)?
27
Let u(m) = m**3 - 3*m + 4. Calculate u(-4).
-48
Let m(b) = -b**2 + 16*b - 14. Give m(14).
14
Let s(y) = -5*y**2 - 21*y - 9. Give s(-4).
-5
Let v(w) = -w**2 - 7*w - 2. Determine v(-8).
-10
Let c(s) = -s**3 - 17*s**2 - 4*s + 192. Give c(-16).
0
Let d(b) = -257*b - 774. Determine d(-3).
-3
Let m(c) = -c**2 - 19*c - 78. Determine m(-11).
10
Let i(c) = c**2 - 5*c + 2. What is i(4)?
-2
Let i(k) = -4*k + 35. Determine i(8).
3
Let g(z) = z**2 - z + 2. Give g(1).
2
Let f(v) = -v**2 - 42*v - 447. Determine f(-21).
-6
Let m(i) = -13*i**2 + 48*i + 4. Determine m(4).
-12
Let t(n) = n**2 - 8*n - 17. Determine t(7).
-24
Let j(l) = -l - 7. What is j(-6)?
-1
Let p(m) = -m**3 - 19*m**2 - 23*m - 90. Calculate p(-18).
0
Let v(f) = -f**3 - f**2 - 2. What is v(0)?
-2
Let d(r) = 2*r**2 + r + 1. Calculate d(2).
11
Let x(p) = p**3 + 6*p**2 - 2*p - 4. What is x(-6)?
8
Let o(f) = -8*f - 26. Give o(-6).
22
Let u(a) = 3*a - 27. Give u(11).
6
Let q(l) = l + 19. What is q(-26)?
-7
Let m(x) = 31*x**3 + x**2 - x. Calculate m(1).
31
Let w(l) = 5*l - 170. Determine w(34).
0
Let c(h) = -8*h + 1. Calculate c(1).
-7
Let a(t) = t**3 + 14*t**2 - 3*t + 6. Calculate a(-14).
48
Let r(g) = 2*g**2 - 5*g + 1. Give r(-3).
34
Let l(w) = w**3 - 4*w**2 + w. Give l(2).
-6
Let z(y) = -2*y**2 - 12*y + 14. What is z(-7)?
0
Let k(p) = p**2 + 8*p + 4. Calculate k(-3).
-11
Let s(c) = -c**2 - 21*c - 36. Calculate s(-19).
2
Let z(j) = -j**3 + 4*j**2 + 62*j + 13. Determine z(-6).
1
Let c(b) = 2*b - 29. Calculate c(13).
-3
Let s(z) = -z**2 - 11*z + 98. Determine s(-14).
56
Let h(c) = -7*c**3 - 9*c - 10. What is h(-1)?
6
Let f(u) = 2*u**3 + u**2 - u - 1. What is f(-1)?
-1
Let p(n) = -n - 14. Give p(-7).
-7
Let k(h) = 4*h + 11. Determine k(-4).
-5
Let r(u) = u**3 + 17*u**2 - 18*u + 10. Give r(-18).
10
Let v(n) = -7*n + 12. Give v(9).
-51
Let t(y) = 3*y + 19. Give t(9).
46
Let u(c) = -c**2 - 26*c - 46. Determine u(-24).
2
Let x(m) = -5*m**2 - 5*m - 7. What is x(-3)?
-37
Let h(p) = p**3 - 7*p**2 + 8*p - 3. Determine h(7).
53
Let f(w) = -w**3 - w**2 + 2. Calculate f(0).
2
Let z(g) = -74*g**3 - g**2 + g + 1. Calculate z(-1).
73
Let u(y) = -y**2 + 4*y + 9. Calculate u(7).
-12
Let d(j) = j**3 - 9*j**2 - 10*j + 16. What is d(10)?
16
Let u(n) = -n**2 - 2*n - 4. Give u(5).
-39
Let j(u) = u**3 + 3*u**2 - 12*u + 11. What is j(-7)?
-101
Let l(s) = s**3 + 16*s**2 - s - 20. What is l(-16)?
-4
Let q(s) = -7*s**2 - 5*s + 6. Calculate q(0).
6
Let g(f) = -3*f**3 + f**2 + f + 2. What is g(2)?
-16
Let a(o) = -o**3 + 6*o**2 + 6*o + 6. Determine a(6).
42
Let m(f) = 2*f**2 - 34*f + 25. Calculate m(16).
-7
Let u(g) = 3*g**2 + 2*g - 20. Calculate u(-7).
113
Let o(p) = -2*p**2 - 11*p + 3. Give o(-5).
8
Let p(i) = -i**2 - 5*i. Give p(-4).
4
Let l(g) = -103*g**3 + 2*g**2 - 1. Determine l(1).
-102
Let t(d) = -d**2 - 36. What is t(0)?
-36
Let r(p) = -p**2 - 3*p - 16. Determine r(-8).
-56
Let w(t) = t**3 + 46*t**2 + 44*t - 45. What is w(-45)?
0
Let q(f) = f**3 - 14*f**2 + 33*f - 100. Determine q(12).
8
Let r(p) = -p**3 + p**2 + 4*p - 2. Determine r(3).
-8
Le